t is z(-15)?
20
Let p(i) = 1695*i + 37289. What is p(-22)?
-1
Let z(r) = -534*r - 3453. Give z(-7).
285
Let a(z) = -866511*z + 2599538. Determine a(3).
5
Let v(c) = -28278*c - 169826. Determine v(-6).
-158
Let m(a) = -4*a**3 + 180*a**2 + 3*a + 475. What is m(45)?
610
Let x(a) = 7*a**3 - 38*a**2 + 4*a + 6. What is x(-1)?
-43
Let a(t) = -t**3 - 200*t**2 + 18221*t - 810. Determine a(-268).
-6
Let q(v) = 2*v**3 + 39*v**2 - 794*v + 138. Give q(13).
801
Let x(o) = -5*o - 798. Determine x(4).
-818
Let l(w) = w**3 - 54*w**2 - 1043*w - 247. Determine l(69).
-799
Let j(z) = z**3 + 79*z**2 - 4930*z - 1204. Determine j(-120).
-4
Let v(a) = 13*a**2 + 946*a + 1871. Give v(-2).
31
Let p(h) = 26765*h + 1391776. What is p(-52)?
-4
Let i(n) = -1940*n - 25970. What is i(-13)?
-750
Let c(i) = 113*i**3 + 9*i - 7. Give c(1).
115
Let t(z) = 1271*z - 33132. Give t(25).
-1357
Let u(j) = -j**3 - 796*j**2 + 826*j + 23259. Give u(-797).
146
Let b(u) = u**3 - 95*u**2 + 100*u - 477. Give b(94).
87
Let q(h) = -h**2 + 7626*h + 106472. Determine q(-14).
-488
Let t(z) = -627341*z + 3764051. Determine t(6).
5
Let p(q) = 25*q**2 - 46*q - 147. What is p(-6)?
1029
Let g(l) = l**3 - 7*l**2 - 70*l + 43. Calculate g(-7).
-153
Let z(n) = 8*n**2 - 993*n + 8213. Determine z(9).
-76
Let d(r) = r**3 + 3*r**2 - 13552*r - 94872. Determine d(-7).
-204
Let a(u) = -u**2 - 16035*u - 320299. What is a(-20)?
1
Let y(t) = 9*t**3 - 495*t**2 - 2*t - 481. Give y(55).
-591
Let r(p) = 15*p**2 + 129*p + 384. Give r(-3).
132
Let w(n) = 20485*n + 491610. What is w(-24)?
-30
Let d(u) = -7*u**3 - 1863*u**2 - 254*u + 3186. Determine d(-266).
-6
Let f(w) = w**3 - 223*w**2 + 3122*w - 391. What is f(208)?
25
Let i(c) = -121*c**2 - 2163*c - 154. Calculate i(-18).
-424
Let a(m) = 378*m + 24285. Determine a(-65).
-285
Let l(p) = 9297*p - 483752. What is l(52)?
-308
Let i(s) = -s**3 - 11*s**2 - 432*s - 5855. Calculate i(-13).
99
Let k(s) = -s**2 + 198*s + 8810. Determine k(-36).
386
Let n(d) = -d**3 + 87*d**2 - 2065*d + 99723. Determine n(77).
8
Let a(m) = -6901*m + 1670037. Give a(242).
-5
Let o(f) = f**2 - 160*f - 15625. Give o(229).
176
Let d(s) = -s**3 - 137*s**2 - 2046*s - 96. What is d(-17)?
6
Let l(c) = 13*c**3 + 33*c**2 - 13*c - 56. Give l(-2).
-2
Let q(d) = -1005397*d - 2010800. Give q(-2).
-6
Let o(b) = -13028*b - 247543. Determine o(-19).
-11
Let p(t) = 28577*t - 1743244. Calculate p(61).
-47
Let g(h) = -196828*h + 23619352. Determine g(120).
-8
Let p(z) = 2*z**3 - 60*z**2 - 7*z + 177. Determine p(30).
-33
Let j(d) = d**3 - 48*d**2 + 51*d - 135. Give j(47).
53
Let t(j) = -2*j**3 + 30*j**2 + 1510*j + 12. Calculate t(-21).
54
Let h(c) = -2*c**3 - 88*c**2 + 153*c + 2764. Calculate h(-45).
-71
Let z(b) = 44*b**2 - 12355*b - 2535. What is z(281)?
-6
Let y(s) = -s**2 - 2472*s + 154. Calculate y(0).
154
Let l(t) = -1553*t - 79527. Determine l(-51).
-324
Let h(r) = r**3 + 67*r**2 + 959*r - 114. What is h(-47)?
-1007
Let v(m) = -m**2 + 12*m + 7070. Determine v(93).
-463
Let z(a) = -a**3 + 15*a**2 - 19*a - 269. Calculate z(12).
-65
Let o(i) = -5*i**2 + 2585*i - 36265. Calculate o(14).
-1055
Let z(w) = -w**2 + 102*w - 936. Calculate z(77).
989
Let k(h) = -981546*h + 981555. Calculate k(1).
9
Let v(m) = -m**2 - 899121*m + 3596506. Determine v(4).
6
Let j(a) = a**3 + 37*a**2 - 274*a + 313. Give j(5).
-7
Let m(k) = 30063*k - 511076. Calculate m(17).
-5
Let l(q) = -15*q**2 - 7742*q + 23242. What is l(3)?
-119
Let q(y) = 28752*y - 345042. Give q(12).
-18
Let t(s) = 36*s**2 + 137*s + 338. Determine t(-2).
208
Let p(a) = -a**2 + 587*a - 41106. Calculate p(81).
-120
Let q(y) = 1382*y + 30389. Calculate q(-22).
-15
Let g(n) = -n**2 - 9654*n + 67633. What is g(7)?
6
Let k(t) = t**3 - 19*t**2 - 461*t + 6948. What is k(27)?
333
Let c(n) = 27*n**3 + 182*n**2 + 720*n + 5. What is c(-4)?
-1691
Let c(j) = j**3 + 30*j**2 + 244*j + 541. Give c(-7).
-40
Let c(s) = 82*s**2 - 652*s + 478. Determine c(7).
-68
Let o(p) = -8*p**2 + 63*p - 17. What is o(10)?
-187
Let x(s) = 75*s**2 + 54158*s + 5773. Determine x(-722).
-3
Let n(w) = -3*w**3 + 111*w**2 - 685*w + 1651. Determine n(30).
1
Let p(h) = h**3 + 111*h**2 + 180*h + 6869. Give p(-110).
-831
Let j(i) = i**2 - 127*i + 6627. What is j(98)?
3785
Let h(k) = -32*k**2 - 296*k + 7128. Calculate h(11).
0
Let n(u) = u**3 - 188*u**2 + 8424*u + 1374. What is n(114)?
6
Let d(j) = -473*j + 114973. Determine d(243).
34
Let x(q) = -1567*q + 184867. What is x(118)?
-39
Let k(y) = -97*y - 16869. Determine k(-154).
-1931
Let n(t) = 128764*t + 10043589. What is n(-78)?
-3
Let q(k) = -116*k - 4105. Calculate q(-35).
-45
Let i(x) = 3*x**3 - 562*x**2 + 175*x + 2237. Give i(187).
-7
Let x(b) = b**2 + 7945*b - 55638. Calculate x(7).
26
Let g(y) = -3*y**3 - 2*y**2 + 45*y + 488. Calculate g(-6).
794
Let p(g) = -g**3 + 5*g**2 - 111*g + 502. Determine p(5).
-53
Let y(d) = -d**3 + 101*d**2 + 163*d - 26292. Calculate y(100).
8
Let m(p) = 1274*p + 13115. Calculate m(-10).
375
Let y(k) = -46*k**3 - 329*k**2 - 324*k + 4. Determine y(-1).
45
Let v(p) = -27*p**2 + 205*p - 585. Determine v(3).
-213
Let d(x) = 6236*x + 2301085. Give d(-369).
1
Let c(j) = -4375*j - 26133. Give c(-6).
117
Let r(f) = -536*f + 79919. Determine r(148).
591
Let m(s) = s**3 - 20*s**2 - 160*s - 48. Give m(26).
-152
Let x(p) = p**3 - 76*p**2 - 3005*p + 222216. What is x(78)?
-6
Let w(r) = -2945*r + 20564. Give w(7).
-51
Let c(n) = -804*n - 12772. Calculate c(-16).
92
Let g(a) = 2163834*a - 17310668. Calculate g(8).
4
Let r(t) = t**2 + 406*t - 224001. Determine r(-718).
15
Let o(g) = 2*g**2 - 198*g + 189. Calculate o(98).
-7
Let q(o) = 15863*o + 3220177. Give q(-203).
-12
Let s(r) = -19103*r + 4527399. What is s(237)?
-12
Let h(f) = 18*f**2 - 49*f - 132. Determine h(0).
-132
Let m(q) = 2*q**3 - 35*q**2 + 150*q + 7. Give m(16).
1639
Let x(l) = 109120*l - 545653. What is x(5)?
-53
Let v(a) = 4619*a + 18404. Calculate v(-4).
-72
Let o(w) = 13*w**2 + 26*w - 52. Determine o(8).
988
Let a(b) = -2*b**3 + 314*b**2 - 3285*b + 117. Calculate a(11).
-686
Let y(m) = -2*m**3 + 6*m**2 + 796*m - 2402. What is y(3)?
-14
Let x(i) = 240*i**2 + 1991*i + 3292. Calculate x(-6).
-14
Let h(u) = -u**2 - 1533*u + 84018. Calculate h(53).
-40
Let n(f) = 3*f**3 + 15*f**2 - 25*f + 22. Give n(-8).
-354
Let n(i) = 233*i + 4388. Determine n(-21).
-505
Let l(f) = -120405*f - 5418221. Calculate l(-45).
4
Let d(i) = -1946*i + 1222120. What is d(628)?
32
Let z(j) = -11*j**2 - 252*j + 189. Give z(-26).
-695
Let g(v) = 3211985*v + 25695912. Calculate g(-8).
32
Let c(h) = 317*h + 594. Calculate c(-1).
277
Let c(l) = 1761*l - 81103. Calculate c(46).
-97
Let k(p) = -p**3 - 22*p**2 + 324*p + 3509. Calculate k(-29).
0
Let w(a) = 404*a - 12132. What is w(30)?
-12
Let s(u) = -u**3 + 26*u**2 - 32*u - 36. Calculate s(8).
860
Let k(r) = -3*r**2 + 687*r + 25056. What is k(-32)?
0
Let b(c) = 100967*c + 15548925. What is b(-154)?
7
Let b(q) = -q**3 + 95*q**2 - 676*q + 225. Calculate b(7).
-195
Let o(m) = -m**3 + 15*m**2 + 814*m - 14557. Give o(18).
-877
Let m(y) = -3657*y + 33643. Calculate m(9).
730
Let i(d) = 142191*d - 2843981. Give i(20).
-161
Let z(d) = -5*d**3 - 504*d**2 - 12556*d + 39. What is z(-45)?
84
Let q(s) = 2*s**3 - 178*s**2 + 91*s + 7450. Give q(88).
-30
Let d(u) = -57183*u - 686169. Calculate d(-12).
27
Let k(c) = 38*c**3 - 159*c**2 + 362*c - 1464. Determine k(4).
-128
Let p(s) = 2*s**2 + 215*s + 5242. What is p(-35)?
167
Let c(k) = 21*k**3 - 94*k**2 + 10*k - 15. Calculate c(5).
310
Let j(u) = -4947*u - 163237. Calculate j(-33).
14
Let q(d) = d**3 - 110*d**2 - 297*d + 20617. What is q(111)?
-29
Let v(b) = -417*b**2 + 26696*b - 622. What is v(64)?
-110
Let c(l) = l**3 + 169*l**2 + 901*l + 15509. Calculate c(-164).
2225
Let b(g) = 72124*g + 144263. Determine b(-2).
15
Let k(c) = c**2 - 647*c + 63219. What is k(120)?
-21
Let j(z) = 2970*z**2 - 47471*z - 780. What is j(16)?
4
Let d(r) = 16713*r + 233983. Determine d(-14).
1
Let p(j) = j**2 - 248*j - 7373. Determine p(-30).
967
Let b(n) = -n**3 - 73*n**2 - 114*n + 2197. Give b(-71).
209
Let j(a) = -20389*a - 3568040. Calculate j(-175).
35
Let c(o) = 3*o**3 + 11*o**2 - 48*o - 307. Calculate c(-9).
-1171
Let h(u) = -18924*u - 37893. Give h(-2).
-45
Let t(i) = 1803*i + 101200. Give t(-56).
232
Let c(z) = -3*z**2 - 470*z + 2355. Calcul